te the remainder when -17 - -28 - -2*1 is divided by (-2)/6 + (-16)/s.
3
Let x(p) = p**3 + 3*p**2 - 2*p - 1. Let l be -14*(-3)/(-6) - -4. Let j be x(l). Suppose j*d = -29 + 159. Calculate the remainder when 76 is divided by d.
24
Let t(r) = 2*r**3 - 29*r**2 + 16*r + 2. Calculate the remainder when t(14) is divided by 10.
0
Let a = 32 + -18. Let t(u) = 14*u + 5. Let v be t(6). Let z = v - 36. Calculate the remainder when z is divided by a.
11
Let a(y) = -y**3 + 4*y**2 - 2*y + 2. Let t be a(4). Let j(h) = -h**3 - 5*h**2 + 2*h - 3. What is the remainder when (-2 + 4)*2 + 35 is divided by j(t)?
18
Let k(v) = -55*v + 4. Let q be k(-5). Suppose -45 + q = 3*d. Calculate the remainder when d is divided by 6/(-4)*(0 - 18).
24
Let m be (-2)/(-5) - (2 + (-9)/15). What is the remainder when (35/3 + -3)*(-6)/m is divided by 16?
4
Let k be ((-38)/(-57))/(4/30). Suppose m - u + k*u = 74, 335 = 4*m + 3*u. Calculate the remainder when m is divided by 22.
20
Let i = 187 - 110. What is the remainder when 141 is divided by i?
64
Let w(g) = g**3 - 11*g**2 + 3*g + 25. Suppose -4*m = 12 - 52. What is the remainder when w(11) is divided by m?
8
Let s(n) = -n**2 - 5*n. Let d be 11/(-2) - 4/(-8). Let h be s(d). Suppose h = 2*t - 9 - 1. Calculate the remainder when 14 is divided by t.
4
Let q = -1 - -8. Let p = 20 - q. Suppose 64*i - 992 = -60*i. What is the remainder when p is divided by i?
5
Let u(j) = j**2 + 16*j + 37. Suppose -3*f - 50 = -2. What is the remainder when 144 is divided by u(f)?
33
Let y(c) = -c**3 + 16*c**2 + 6*c - 20. Let a be y(18). What is the remainder when 159 is divided by ((-2)/(-4))/((21/a)/(-3))?
39
Let b = 504 - 351. Calculate the remainder when b is divided by 80.
73
Let j be (11 - 15)*(1 - 2). Calculate the remainder when (-1 + -27)*(-5)/j is divided by 9.
8
Let v = 43 + -72. Let f = v + 32. Suppose 5*m - 41 = h, -m - f*m + 27 = 5*h. Calculate the remainder when m is divided by 5.
3
Let d be 15*(0 + (-1)/(-3)). Suppose 9*r - 8*r - 33 = 0. Suppose -d*a + r = -2*a. What is the remainder when 42 is divided by a?
9
Suppose -q + 62 = -0. What is the remainder when q is divided by 8?
6
Suppose 3*x - 233 = 2*h - 10, 3*x - 4*h = 221. What is the remainder when x is divided by 1*(10 + -5)*4?
15
Suppose -5*f = 2*y + 13, -4*y - 4 - 17 = 5*f. What is the remainder when 8 is divided by (y/(-18))/((6/(-27))/(-2))?
0
Suppose -5*p - 3*q = -121, -4*q + 40 = 4*p - 60. Let n(z) = z**3 - 2*z**2 + 2*z + 6. Calculate the remainder when p is divided by n(0).
5
Let u = 200 - 93. Suppose -5*d + 34 = 2*v, 5*v = 3*d + 9 + 138. Calculate the remainder when u is divided by v.
26
Suppose -240 = 17*i - 21*i. Let o = -47 + i. What is the remainder when 50 is divided by o?
11
What is the remainder when 724 is divided by (-35 - -34)/((-2)/(-5))*-58?
144
Suppose 2*m = -46 - 36. Let u(k) = 32*k - 43. Let o be u(1). Let q = o - m. Calculate the remainder when 59 is divided by q.
29
Suppose -36*g - 50 = -46*g. Calculate the remainder when 528 is divided by g.
3
Let x = -70 + 149. Suppose -30 = -5*s + 4*o, 0 = -5*s - 8*o + 11*o + 35. What is the remainder when x is divided by s?
9
Let g = -183 + 194. Calculate the remainder when 20 is divided by g.
9
Let m = 55 + -53. Let r = 19 - m. Calculate the remainder when 83 is divided by r.
15
Suppose 2*m - 28 = 4*g, 4*m + 5*g - 8*g - 31 = 0. Suppose -6*k + 2*k = 0. What is the remainder when m is divided by 1*(k - 1)*-2?
0
Suppose 2628 = -5*g - 0*u - 2*u, -5*u = -4*g - 2076. What is the remainder when 73 is divided by g/(-14) + 28/49?
35
Suppose -5*h - 566 - 359 = 0. Let i = -112 - h. Suppose 3*a = 2*a + 25. What is the remainder when i is divided by a?
23
Let g = 226 + -152. Calculate the remainder when g is divided by ((-800)/(-128))/(((-3)/(-4))/3).
24
Calculate the remainder when 2/(-3) - 5480/(-120) is divided by 19.
7
Let o = -1 - -6. Suppose -h - 74 = -q, o*q + 7*h = 4*h + 354. Suppose -2*k = -4*k + q. What is the remainder when k is divided by 13?
10
Let a(b) = b**3 + 16*b**2 + 9*b - 41. Calculate the remainder when 134 is divided by a(-15).
36
Let n(w) be the second derivative of w**4/6 - w**3/6 - w**2/2 - 4*w. Let s = -21 - -30. What is the remainder when s is divided by n(-1)?
1
Suppose -21*n + 2385 = 24*n. Suppose 14 = -2*a - 5*d + 3, 0 = -3*a - 5*d - 14. Calculate the remainder when n is divided by a/9 - (-55)/3.
17
Let t = -5 + -15. Let r = 41 - t. Calculate the remainder when r is divided by 22.
17
Suppose -3*l = -3*a - 7 + 22, 0 = -5*a - l + 55. Let d(v) = 2*v + a - v - 13. Calculate the remainder when 7 is divided by d(6).
1
Let i be ((-6)/4)/(4*(-5)/(-600)). Let k = 109 + i. What is the remainder when k is divided by 33?
31
Suppose 3*g + 2 = 4*c, -4*c = 5*g - 0*c - 50. Suppose 4*u - 2*r = 906, u + g*r - 5*r - 231 = 0. Calculate the remainder when u is divided by 33.
30
Let l(q) = q - 17. Let k be l(6). Let s = 21 - k. Calculate the remainder when 127 is divided by s.
31
Let r(v) = -14*v - 389. Calculate the remainder when 60 is divided by r(-31).
15
Suppose 5*s - 40 = -4*d, -2*d = -s - 6*d + 8. Suppose -9*p - 403 = -22*p. Calculate the remainder when p is divided by s.
7
Let t(d) = 3*d**2 + 14*d - 7. Let v be t(-5). What is the remainder when 96 is divided by -11*((4/(-2))/v - 4)?
30
Let h(q) = -3*q**3 - 95*q**2 + 29*q - 75. Calculate the remainder when 494 is divided by h(-32).
11
Calculate the remainder when (5/2)/((-11)/352*-4) is divided by 9.
2
Suppose -80 = -3*g - 2*g - 2*t, -3*t + 75 = 5*g. Let c be (-30)/g - 4/3. Calculate the remainder when 2 + (0 - 129/c) is divided by 12.
9
What is the remainder when 4400/(-88)*(-87)/2 is divided by 66?
63
Let y(r) = -r**2 - 11*r + 2. Let p be (-1)/(-2)*(7 + 1). Suppose -152 = -4*j - 5*f, 9*j + 2*f = p*j + 190. What is the remainder when j is divided by y(-9)?
18
Let k be 4/(-2) - (-5)/((-20)/(-12)). Calculate the remainder when 10 is divided by -5 - (-3 - k) - -6.
0
Let n = -25 - -40. Let l be (-156)/(-15) - (-9)/n. Suppose -2*i = -p - 5*i + l, 0 = -i - 4. Calculate the remainder when 90 is divided by p.
21
Let k = -109 - -226. Suppose -5*g - 21 = -5*y + 104, -k = -5*y - 3*g. Calculate the remainder when (-5)/(50/28)*-25 is divided by y.
22
What is the remainder when (-9)/((-54)/(-106))*-12 is divided by 27?
23
Let g(u) = 23*u - 7. Let n be g(6). Suppose 171 = 5*r + 2*a - n, -237 = -4*r + 3*a. Suppose -2*q = -48 - r. What is the remainder when q is divided by 14?
12
Let r(u) = 24*u - 2. Let s be r(-3). Let z = -8 + 38. Calculate the remainder when z is divided by (-2)/9 - s/9.
6
Let v = -615 - -652. Calculate the remainder when 71 is divided by v.
34
Let l(j) = j**3 + 9*j**2 - j. Let r = -12 + 3. Let n be l(r). Suppose 4*i - 4*m + n*m - 65 = 0, -5*i = 5*m - 80. What is the remainder when 41 is divided by i?
11
Suppose -150 = -10*n + 7*n. What is the remainder when n is divided by (-52)/8*(0 + -2)?
11
Suppose -2*v = -5*h + 2*v + 193, -3*v - 6 = 0. Suppose h*n - 96 = 33*n. What is the remainder when n is divided by 9?
6
Suppose 2 = 5*v + 4*h, 0*v - 2*v + h + 6 = 0. Suppose 8 = -v*d, 3*c - 78 = -0*d + 3*d. Let t = c - 15. Calculate the remainder when t is divided by 3.
1
Suppose 5*h + 5*u = -90, 4*h + 5*u + 7 = -66. Let b(d) = -3*d - 45. What is the remainder when 27 is divided by b(h)?
3
Suppose 2*c - 23 = -19. Suppose -2*a + 5*b = -175, -2*b - 3*b = c*a - 185. Calculate the remainder when a is divided by 31.
28
Suppose 3*a + 0*t + 3*t = -3, 0 = -3*a + 2*t - 8. Suppose 8 + 10 = o. What is the remainder when -68*(a - 3/(-2)) is divided by o?
16
Let x = 10 + 18. Calculate the remainder when 110 is divided by x.
26
Suppose 21*y - 447 = 20*y + 4*b, -5*y - 5*b = -2135. What is the remainder when y is divided by 14?
11
Suppose 5*b - 4*o - 172 = 0, 100 = b + 2*b - 4*o. Calculate the remainder when ((-642)/b)/(1/(-6)) is divided by 9.
8
Let a = 1853 - 1827. Calculate the remainder when 64*2 + (2 - 2) is divided by a.
24
Suppose -3*x + 41 = -5*g - 57, -2*x = g - 61. Calculate the remainder when x is divided by (-27)/(-36)*5/((-10)/(-48)).
13
Let a(w) = w**3 + 5*w**2 - 7*w. Suppose -6*b - 20 = -2*b. Let x(h) = h**2 + h - 582. What is the remainder when a(b) is divided by x(24)?
17
Let n = 18 - 16. Suppose n*m - 4*l + 0 = -4, -4*l = -12. Suppose -2*s - 2*y = -65 - 61, m*y + 53 = s.